by 13.
0
What is the remainder when 71 is divided by 54?
17
Calculate the remainder when 670 is divided by 221.
7
What is the remainder when 2710 is divided by 225?
10
What is the remainder when 118 is divided by 15?
13
Calculate the remainder when 3010 is divided by 1494.
22
What is the remainder when 230 is divided by 8?
6
Calculate the remainder when 224 is divided by 42.
14
What is the remainder when 2863 is divided by 32?
15
Calculate the remainder when 1287 is divided by 129.
126
Calculate the remainder when 53 is divided by 28.
25
Calculate the remainder when 576 is divided by 97.
91
Calculate the remainder when 319 is divided by 8.
7
What is the remainder when 65 is divided by 39?
26
Calculate the remainder when 593 is divided by 18.
17
Calculate the remainder when 398 is divided by 213.
185
What is the remainder when 144 is divided by 78?
66
Calculate the remainder when 63 is divided by 3.
0
Calculate the remainder when 626 is divided by 152.
18
Calculate the remainder when 219 is divided by 124.
95
What is the remainder when 3118 is divided by 65?
63
Calculate the remainder when 578 is divided by 169.
71
Calculate the remainder when 72 is divided by 26.
20
Calculate the remainder when 2922 is divided by 73.
2
Calculate the remainder when 48 is divided by 29.
19
What is the remainder when 11264 is divided by 1877?
2
What is the remainder when 244 is divided by 6?
4
What is the remainder when 69 is divided by 20?
9
Calculate the remainder when 1758 is divided by 55.
53
Calculate the remainder when 61 is divided by 42.
19
Calculate the remainder when 534 is divided by 7.
2
Calculate the remainder when 692 is divided by 19.
8
What is the remainder when 169 is divided by 10?
9
What is the remainder when 315 is divided by 187?
128
Calculate the remainder when 79 is divided by 10.
9
What is the remainder when 166 is divided by 40?
6
What is the remainder when 587 is divided by 46?
35
Calculate the remainder when 3266 is divided by 30.
26
What is the remainder when 388 is divided by 137?
114
What is the remainder when 251 is divided by 101?
49
What is the remainder when 2583 is divided by 173?
161
What is the remainder when 111 is divided by 17?
9
Calculate the remainder when 378 is divided by 370.
8
Calculate the remainder when 934 is divided by 23.
14
What is the remainder when 1221 is divided by 204?
201
What is the remainder when 213 is divided by 60?
33
Calculate the remainder when 42 is divided by 10.
2
What is the remainder when 23 is divided by 6?
5
What is the remainder when 1235 is divided by 15?
5
Calculate the remainder when 13327 is divided by 112.
111
Calculate the remainder when 100 is divided by 36.
28
What is the remainder when 4768 is divided by 281?
272
What is the remainder when 5003 is divided by 16?
11
Calculate the remainder when 1717 is divided by 341.
12
Calculate the remainder when 92 is divided by 34.
24
What is the remainder when 51 is divided by 39?
12
What is the remainder when 464 is divided by 43?
34
What is the remainder when 471 is divided by 137?
60
Calculate the remainder when 122 is divided by 67.
55
Calculate the remainder when 899 is divided by 70.
59
Calculate the remainder when 4745 is divided by 27.
20
What is the remainder when 1584 is divided by 23?
20
Calculate the remainder when 4299 is divided by 13.
9
What is the remainder when 355 is divided by 110?
25
What is the remainder when 201 is divided by 72?
57
What is the remainder when 71 is divided by 7?
1
Calculate the remainder when 356 is divided by 5.
1
What is the remainder when 149 is divided by 69?
11
What is the remainder when 12469 is divided by 43?
42
What is the remainder when 197 is divided by 56?
29
What is the remainder when 52 is divided by 8?
4
Calculate the remainder when 1494 is divided by 17.
15
What is the remainder when 1004 is divided by 16?
12
What is the remainder when 64 is divided by 60?
4
Calculate the remainder when 175 is divided by 35.
0
What is the remainder when 54 is divided by 8?
6
Calculate the remainder when 79 is divided by 4.
3
Calculate the remainder when 748 is divided by 99.
55
Calculate the remainder when 1202 is divided by 306.
284
What is the remainder when 40 is divided by 12?
4
What is the remainder when 2879 is divided by 170?
159
Calculate the remainder when 528 is divided by 133.
129
Calculate the remainder when 126 is divided by 36.
18
What is the remainder when 4211 is divided by 43?
40
Calculate the remainder when 2190 is divided by 199.
1
What is the remainder when 52 is divided by 22?
8
Calculate the remainder when 61 is divided by 3.
1
Calculate the remainder when 2776 is divided by 120.
16
What is the remainder when 136 is divided by 5?
1
What is the remainder when 31 is divided by 9?
4
What is the remainder when 80 is divided by 14?
10
What is the remainder when 842 is divided by 3?
2
What is the remainder when 267 is divided by 26?
7
What is the remainder when 1477 is divided by 32?
5
What is the remainder when 48 is divided by 16?
0
Calculate the remainder when 1604 is divided by 25.
4
What is the remainder when 1203 is divided by 152?
139
What is the remainder when 19071 is divided by 102?
99
What is the remainder when 934 is divided by 162?
124
Calculate the remainder when 658 is divided by 39.
34
Calculate the remainder when 228 is divided by 7.
4
Calculate the remainder when 2802 is divided by 47.
29
Calculate the remainder when 3768 is divided by 26.
24
Calculate the remainder when 55 is divided by 49.
6
What is the remainder when 45130 is divided by 51?
46
Calculate the remainder when 2078 is divided by 99.
98
Calculate the remainder when 944 is divided by 11.
9
Calculate the remainder when 274 is divided by 23.
21
What is the remainder when 1078 is divided by 13?
12
What is the remainder when 122 is divided by 59?
4
Calculate the remainder when 203 is divided by 62.
17
Calculate the remainder when 9004 is divided by 158.
156
What is the remainder when 321 is divided by 41?
34
Calculate the remainder when 67 is divided by 24.
19
Calculate the remainder when 2827 is divided by 20.
7
What is the remainder when 196 is divided by 27?
7
What is the remainder when 42 is divided by 22?
20
What is the remainder when 1884 is divided by 23?
21
What is the remainder when 3286 is divided by 656?
6
What is the remainder when 44 is divided by 38?
6
What is the remainder when 23 is divided by 15?
8
Calculate the remainder when 17761 is divided by 191.
189
Calculate the remainder when 697 is divided by 5.
2
Calculate the remainder when 1056 is divided by 36.
12
What is the remainder when 1081 is divided by 42?
31
Calculate the remainder when 449 is divided by 114.
107
What is the remainder when 39 is divided by 8?
7
Calculate the remainder when 432 is divided by 22.
14
Calculate the remainder when 634 is divided by 7.
4
What is the remainder when 44 is divided by 5?
4
What is the remainder when 49 is divided by 36?
13
What is the remainder when 5275 is divided by 120?
115
Calculate the remainder when 169 is divided by 70.
29
What is the remainder when 77 is divided by 19?
1
What is the remainder when 164 is divided by 55?
54
What is the remainder when 281 is divided by 57?
53
Calculate the remainder when 166 is divided by 6.
4
Calculate the remainder when 285 is divided by 48.
45
What is the remainder when 57 is divided by 48?
9
What is the remainder when 79 is divided by 10?
9
Calculate the remainder when 218 is divided by 20.
18
Calculate the remainder when 3653 is divided by 58.
57
What is the remainder when 127 is divided by 13?
10
What is the remainder when 3 is divided by 1?
0
What is the remainder when 51 is divided by 47?
4
Calculate the remainder when 598 is divided by 25.
23
Calculate the remainder when 2414 is divided by 24.
14
What is the remainder when 426 is divided by 141?
3
What is the remainder when 513 is divided by 129?
126
Calculate the remainder when 2082 is divided by 87.
81
Calculate the remainder when 1629 is divided by 30.
9
What is the remainder when 6147 is divided by 15?
12
Calculate the remainder when 116 is divided by 8.
4
Calculate the remainder when 267 is divided by 9.
6
What is the remainder when 3161 is divided by 51?
50
What is the remainder when 80 is divided